																																																																																																																																								{"id":17,"date":"2016-09-14T16:04:37","date_gmt":"2016-09-14T16:04:37","guid":{"rendered":"http:\/\/10.10.1.110\/itcba\/myresume\/?page_id=17"},"modified":"2016-10-21T17:49:38","modified_gmt":"2016-10-21T17:49:38","slug":"proyectos","status":"publish","type":"page","link":"http:\/\/cvbaran.cba.com.py\/?page_id=17","title":{"rendered":"Proyectos"},"content":{"rendered":"<p><strong><u>PRINCIPALES PROYECTOS Y PUBLICACIONES RELATIVAS<\/u><\/strong><\/p>\n<div class=\"su-list\" style=\"margin-left:0px\">\n<p><strong>A\u00f1o 2016<\/strong><\/p>\n<ul>\n<li><i class=\"sui sui-users\" style=\"color:#333\"><\/i> \u201c<em>Design and Model of an Optimal System for Urban Freight Distribution for critical and heterogeneous Km<sup>2<\/sup> in Guayaquil and Quito cities in Ecuador &#8211; <\/em>DEMOSDUM\u201d, financiado por el Regional Program MATH-AmSud (<a href=\"http:\/\/www.mathamsud.org\/\">http:\/\/www.mathamsud.org\/<\/a>).<\/li>\n<\/ul>\n<p><strong>A\u00f1o 2010<\/strong><\/p>\n<ul>\n<li><i class=\"sui sui-users\" style=\"color:#333\"><\/i> \u00a0\u201c<em>Arquitectura LNNpara computadores cu\u00e1nticos<\/em>\u201d. Proyecto patrocinado por la Facultad Polit\u00e9cnica, en el marco de la Convocatoria 2010 para Proyectos de Investigaci\u00f3n de la Universidad Nacional de Asunci\u00f3n \u2013 Paraguay.<\/li>\n<\/ul>\n<p><strong>A\u00f1o 2009<\/strong><\/p>\n<ul>\n<li><i class=\"sui sui-users\" style=\"color:#333\"><\/i> \u201c<em>Ubicaci\u00f3n de Conversores de Longitudes de Onda en Redes \u00f3pticas<\/em>\u201d. Proyecto patrocinado por la Facultad Polit\u00e9cnica, en el marco de la Convocatoria 2009 para Proyectos de Investigaci\u00f3n de la Universidad Nacional de Asunci\u00f3n \u2013 Paraguay.<\/li>\n<li><i class=\"sui sui-users\" style=\"color:#333\"><\/i> \u201cEnerg\u00eda y Medio Ambiente\u201d <em>Workshop<\/em>, disertando sobre el tema \u201c<em>Solving the multi-objective reactive compensation problem<\/em>\u201d. Asunci\u00f3n Paraguay.<\/li>\n<\/ul>\n<p><strong>A\u00f1o 2006 &#8211; 2008<\/strong><\/p>\n<ul>\n<li><i class=\"sui sui-users\" style=\"color:#333\"><\/i> \u201c<em>Tecnolog\u00eda GRID como motor del desarrollo regional<\/em>\u201d. Proyecto de la Red Iberoamericana para el Desarrollo de la Ciencia y la Tecnolog\u00eda, aprobado en la XXVI Asamblea General de CYTED. Representante de Paraguay.<\/li>\n<\/ul>\n<p><strong>A\u00f1o 2007<\/strong><\/p>\n<ul>\n<li><i class=\"sui sui-users\" style=\"color:#333\"><\/i> \u201c<em>Algoritmos Mem\u00e9ticos para Optimizaci\u00f3n Multi-objetivo<\/em>\u201d. Proyecto patrocinado por la Facultad de Ingenier\u00eda, como uno de los seleccionados en el marco de la Convocatoria 2007 para Proyectos de Investigaci\u00f3n de la Universidad Nacional de Asunci\u00f3n \u2013 Paraguay.<\/li>\n<\/ul>\n<p><strong>A\u00f1o 2006<\/strong><\/p>\n<ul>\n<li><i class=\"sui sui-users\" style=\"color:#333\"><\/i> \u201c<em>Algoritmos de optimizaci\u00f3n multi-objetivos basados en colonias de hormigas<\/em>\u201d. Proyecto patrocinado por la Facultad Polit\u00e9cnica, como uno de los seleccionados en el marco de la Convocatoria 2006 para Proyectos de Investigaci\u00f3n de la Universidad Nacional de Asunci\u00f3n \u2013 Paraguay.<\/li>\n<\/ul>\n<p><strong>A\u00f1o 2003<\/strong><\/p>\n<ul>\n<li><i class=\"sui sui-users\" style=\"color:#333\"><\/i> \u201c<em>Ingenier\u00eda de tr\u00e1fico multicast utilizando optimizaci\u00f3n multiobjetivo<\/em>.\u201d Ganador del concurso de proyectos de investigaci\u00f3n 2003 de la Universidad Cat\u00f3lica \u00abNuestra Se\u00f1ora de la Asunci\u00f3n\u00bb Sede Regional Asunci\u00f3n \u2013 Paraguay.<\/li>\n<li><i class=\"sui sui-users\" style=\"color:#333\"><\/i> Participaci\u00f3n del <em>Working Group 2<\/em> de la <em>World International Technology Forum <\/em>\u2013 WITFOR 2003, organizado por ITU, IFIP y UNESCO, con R. Puigjaner y A. El-Sherbini, presentando una ponencia sobre \u201c<em>Building the Infraestructure\u201d<\/em> en Vilna, Lituania.<\/li>\n<li><i class=\"sui sui-users\" style=\"color:#333\"><\/i> Firmante del Convenio de Cooperaci\u00f3n Cient\u00edfica \u201c<em>Algoritmos Multiobjetivos aplicados a la Partici\u00f3n y Ubicaci\u00f3n para Sistemas Multi-FPGA.\u201d <\/em>entre el Departamento de Arquitectura de Computadoras y Autom\u00e1tica de la Facultad de Ciencias F\u00edsicas de la Universidad Complutense de Madrid y el Centro Nacional de Computaci\u00f3n de la Universidad Nacional de Asunci\u00f3n, con trabajos en la UCM &#8211; Espa\u00f1a.<\/li>\n<\/ul>\n<p><strong>A\u00f1o 2001 &#8211; 2003<\/strong><\/p>\n<ul>\n<li><i class=\"sui sui-users\" style=\"color:#333\"><\/i> Participaci\u00f3n por Paraguay en el proyectos RITOS-2 de la Red Iberoamericana de para el Desarrollo de Ciencia y la Tecnolog\u00eda \u2013 CYTED, con varias ponencias en la casa de Espa\u00f1a de Cartagena de las Indias.<\/li>\n<\/ul>\n<p><strong>A\u00f1o 1999<\/strong><\/p>\n<ul>\n<li><i class=\"sui sui-users\" style=\"color:#333\"><\/i> <em>\u201cWorkshop on Information Technology Research to Solve Global Problems\u201d<\/em>, a invitaci\u00f3n de la <em>National Science Fundation <\/em>de los Estados Unidos y la Organizaci\u00f3n de los Estados Americanos. Manzanillo \u2013 M\u00e9xico.<\/li>\n<\/ul>\n<p><strong>A\u00f1o 1998<\/strong><\/p>\n<ul>\n<li><i class=\"sui sui-users\" style=\"color:#333\"><\/i> <em>\u201cRed Nacional del Sector Publico Paraguayo\u00bb,<\/em> en coautor\u00eda con A. Cassignol. REDES\u201998 en el marco de la 27\u00b0 JAIIO y la IX CLAIO. Bs. Aires \u2013 Argentina.<\/li>\n<li><i class=\"sui sui-users\" style=\"color:#333\"><\/i> Director del proyecto de investigaci\u00f3n: <em>\u201cAnt Colony Systems\u201d,<\/em> aprobado por el Departamento de Investigaciones (DIPRI) de la UNA.<\/li>\n<\/ul>\n<p><strong>A\u00f1o 1997<\/strong><\/p>\n<ul>\n<li><i class=\"sui sui-users\" style=\"color:#333\"><\/i> \u201c<em>La Red Nacional del Sector P\u00fablico<\/em>\u00ab<em>,<\/em> II Congreso Interamericano del CLAD, Panel sobre \u201cEl factor tecnol\u00f3gico en la administraci\u00f3n de los recursos del estado en Paraguay\u201d, Isla Margarita, Venezuela.<\/li>\n<li><i class=\"sui sui-users\" style=\"color:#333\"><\/i> \u00a0\u201c<em>Minimizaci\u00f3n del Caudal Turbinado de una Represa Hidroel\u00e9ctrica Utilizando el Concepto de A-Teams<\/em>\u00ab<em>,<\/em> en coautor\u00eda con E. Chaparro y N. C\u00e1ceres, CITA\u201997, Asunci\u00f3n, Paraguay.<\/li>\n<li><i class=\"sui sui-users\" style=\"color:#333\"><\/i> \u00a0\u201c<em>Descomposici\u00f3n Solapada de Sistemas de Ecuaciones Lineales para su Resoluci\u00f3n en Sistemas Distribuidos Heterog\u00e9neos<\/em>\u00ab<em>,<\/em> en coautor\u00eda con D. Ben\u00edtez, CITA\u201997, Asunci\u00f3n, Paraguay.<\/li>\n<li><i class=\"sui sui-users\" style=\"color:#333\"><\/i> \u00a0\u201c<em>Red Metropolitana del Sector P\u00fablico Paraguayo\u201d,<\/em> en coautor\u00eda con A. Cassignol, XX Taller de Ingenier\u00eda de Sistemas \u201c<em>Gesti\u00f3n y Tecnolog\u00eda para Am\u00e9rica Latina<\/em>\u201d,\u00a0 Universidad de Chile, Santiago de Chile. Resumen en revista INFORM\u00c1TICA MAGAZINE N\u00b0 25.<\/li>\n<li><i class=\"sui sui-users\" style=\"color:#333\"><\/i> \u00a0\u201c<em>Red de Computadoras del Banco Central del Paraguay\u201d,<\/em> en coautor\u00eda con G. Gaona, XX Taller de Ingenier\u00eda de Sistemas \u201c<em>Gesti\u00f3n y Tecnolog\u00eda para Am\u00e9rica Latina<\/em>\u201d,\u00a0 Universidad de Chile, Santiago de Chile.<\/li>\n<li><i class=\"sui sui-users\" style=\"color:#333\"><\/i> Director del proyecto de investigaci\u00f3n: <em>\u201cA-Teams\u201d,<\/em> Departamento de Investigaciones\u00a0 (DIPRI) de la UNA.<\/li>\n<li><i class=\"sui sui-users\" style=\"color:#333\"><\/i> Director del proyecto sobre \u201c<em>Alta precisi\u00f3n en computadores de alto desempe\u00f1o\u201d<\/em> entre las universidades Nacional de Asunci\u00f3n &#8211; Paraguay (UNA) y Federal de Rio Grande del Sur &#8211; Brasil (UFRGS), auspiciado por UNESCO. Contrato ED 896756-6.<\/li>\n<\/ul>\n<p><strong>A\u00f1o 1996<\/strong><\/p>\n<ul>\n<li><i class=\"sui sui-users\" style=\"color:#333\"><\/i> \u201c<em>Partici\u00f3n de Sistemas El\u00e9ctricos en Subsistemas menores para su Resoluci\u00f3n Distribuida<\/em>\u201d , en coautor\u00eda con D. Ben\u00edtez y R. Ramos. II SESEP organizado por el Comit\u00e9 Nacional Paraguayo de CIGR\u00c9. Asunci\u00f3n.<\/li>\n<\/ul>\n<p><strong>A\u00f1o 1995<\/strong><\/p>\n<ul>\n<li><i class=\"sui sui-users\" style=\"color:#333\"><\/i> Director del proyecto de investigaci\u00f3n: <em>Partici\u00f3n de Problemas para su Resoluci\u00f3n en Sistemas Distribuidos<\/em>. Proyecto aprobado por el Departamento de Investigaciones\u00a0 (DIPRI) de la UNA.<\/li>\n<li><i class=\"sui sui-users\" style=\"color:#333\"><\/i> \u00a0\u201c<em>Partici\u00f3n de Sistemas Lineales para su Resoluci\u00f3n en Sistemas Distribuidos<\/em>\u201d, en coautor\u00eda con alumnos de graduaci\u00f3n, II Congreso Internacional de Tecnolog\u00eda y Aplicaciones Inform\u00e1ticas, VIII Panel Nacional de Inform\u00e1tica. Asunci\u00f3n &#8211; Paraguay.<\/li>\n<li><i class=\"sui sui-users\" style=\"color:#333\"><\/i> \u00a0\u201c<em>Implementaci\u00f3n del M\u00e9todo del Punto de Colapso en un Sistema de Procesamiento Distribuido<\/em>\u201d, en coautor\u00eda con alumnos de graduaci\u00f3n, II Congreso Internacional de Tecnolog\u00eda y Aplicaciones Inform\u00e1ticas, VIII Panel Nacional de Inform\u00e1tica. Asunci\u00f3n &#8211; Paraguay.<\/li>\n<li><i class=\"sui sui-users\" style=\"color:#333\"><\/i> \u00a0\u201c<em>Algoritmos Gen\u00e9ticos Combinados y Paralelos<\/em>\u201d, en coautor\u00eda con N.C\u00e1ceres y E.Chaparro, II Congreso Internacional de Tecnolog\u00eda y Aplicaciones Inform\u00e1ticas, VIII Panel Nacional de Inform\u00e1tica. Art\u00edculo de tapa de la revista INFORM\u00c1TICA MAGAZINE, A\u00f1o II, feb\/96, re-editado en revista \u201cIngenier\u00eda Hoy\u201d.<\/li>\n<\/ul>\n<p><strong>A\u00f1o 1994 &#8211; 1995<\/strong><\/p>\n<ul>\n<li><i class=\"sui sui-users\" style=\"color:#333\"><\/i> Responsable cient\u00edfico del proyecto UNESCO sobre \u201c<em>Computaci\u00f3n Distribuida y Paralela<\/em>\u201d, auspiciado por las universidades Cat\u00f3lica (UCA) y Nacional de Asunci\u00f3n (UNA). Contrato: ROSTLAC 885.610-4.<\/li>\n<\/ul>\n<p><strong>A\u00f1o 1994<\/strong><\/p>\n<ul>\n<li><i class=\"sui sui-users\" style=\"color:#333\"><\/i> Director del proyecto: <em>C\u00e1lculo del Punto de Colapso de un Sistema El\u00e9ctric<\/em>o<em> utilizando Team Algorithms<\/em>. Proyecto aprobado por el Departamento de Desarrollo de Investigaciones (DDI) de la UNA.<\/li>\n<li><i class=\"sui sui-users\" style=\"color:#333\"><\/i> \u00ab<em>Load Flow in a Distributed Asynchronous Environment<\/em>\u00ab.1er. Seminario Nacional del Sector El\u00e9ctrico Paraguayo. I SESEP &#8211; CIGRE. Asunci\u00f3n &#8211; Paraguay.<\/li>\n<li><i class=\"sui sui-users\" style=\"color:#333\"><\/i> \u00ab<em>C\u00e1lculo del Punto de Colapso<\/em>\u00ab, en coautor\u00eda. 1er. Seminario Nacional del Sector El\u00e9ctrico Paraguayo. I SESEP &#8211; CIGRE. Asunci\u00f3n &#8211; Paraguay.<\/li>\n<\/ul>\n<p><strong>A\u00f1o 1993<\/strong><\/p>\n<ul>\n<li><i class=\"sui sui-users\" style=\"color:#333\"><\/i> \u00ab<em>Implementa\u00e7\u00e3o paralela dos Team Algorithms para problemas de Fluxo de Pot\u00eancia El\u00e9trica<\/em>\u00ab. Relat\u00f3rio T\u00e9cnico CNPq. Proyecto 610381\/92.0 Info\/RHAE, proceso 360676\/92.8. Rio de Janeiro, Brasil.<\/li>\n<\/ul>\n<p><strong>A\u00f1o 1992<\/strong><\/p>\n<ul>\n<li><i class=\"sui sui-users\" style=\"color:#333\"><\/i> Proyecto en <em>Computaci\u00f3n Paralela y Distribuida<\/em>, patrocinado por CNPq &#8211; Brasil; proceso 460021\/92.3; por invitaci\u00f3n del <em>Eng. Design Research Center<\/em> de la Carnegie Mellon University en Pittsburgh PA, as\u00ed como del Dep.on<em>Computer and Electrical Eng.<\/em>de Northeastern University en Boston MA &#8211; Estados Unidos.<\/li>\n<li><i class=\"sui sui-users\" style=\"color:#333\"><\/i> Reporte T\u00e9cnico: \u00ab<em>Block Asynchronous Team Algorithms<\/em>\u00ab, en coautor\u00eda con E. Kaszkurewicz. Laboratorio de Computaci\u00f3n Paralela. COPPE\/Universidad Federal de R\u00edo de Janeiro &#8211; Brasil.<\/li>\n<\/ul>\n<p><strong>A\u00f1o 1991<\/strong><\/p>\n<ul>\n<li><i class=\"sui sui-users\" style=\"color:#333\"><\/i> \u00ab<em>Algoritmos Combinados. Uma Aplicac\u00e3o para Fluxo de Potencia<\/em>\u00ab. Reporte T\u00e9cnico del Laboratorio de Computaci\u00f3n Paralela de la COPPE\/UFRJ. Monograf\u00eda Doctoral dirigida por el Prof. D.M. Falc\u00e3o. Brasil.<\/li>\n<li><i class=\"sui sui-users\" style=\"color:#333\"><\/i> \u00ab<em>Medida do Assincronismo<\/em>\u00ab. Monograf\u00eda Doctoral dirigida por el Prof. V.C. Barbosa. UFRJ, Brasil.<\/li>\n<\/ul>\n<p><strong>A\u00f1o 1989<\/strong><\/p>\n<ul>\n<li><i class=\"sui sui-users\" style=\"color:#333\"><\/i> \u00ab<em>M\u00e9todos Iterativos Parcialmente Ass\u00edncronos<\/em>\u00ab. Seminario sobre Sistemas de Control en Ingenier\u00eda El\u00e9ctrica. Universidad Federal de R\u00edo de Janeiro, Brasil.<\/li>\n<\/ul>\n<p><strong>A\u00f1o 1979<\/strong><\/p>\n<ul>\n<li><i class=\"sui sui-users\" style=\"color:#333\"><\/i> Colaboraci\u00f3n al Prof. Mario Gallardo en la construcci\u00f3n del primer LASER en el Paraguay. Laboratorio de F\u00edsica de la Facultad de Ingenier\u00eda, UNA.<\/li>\n<\/ul>\n<\/div>\n","protected":false},"excerpt":{"rendered":"<p>PRINCIPALES PROYECTOS Y PUBLICACIONES RELATIVAS<\/p>\n","protected":false},"author":1,"featured_media":0,"parent":0,"menu_order":0,"comment_status":"closed","ping_status":"closed","template":"","meta":{"footnotes":""},"class_list":["post-17","page","type-page","status-publish","hentry"],"_links":{"self":[{"href":"http:\/\/cvbaran.cba.com.py\/index.php?rest_route=\/wp\/v2\/pages\/17","targetHints":{"allow":["GET"]}}],"collection":[{"href":"http:\/\/cvbaran.cba.com.py\/index.php?rest_route=\/wp\/v2\/pages"}],"about":[{"href":"http:\/\/cvbaran.cba.com.py\/index.php?rest_route=\/wp\/v2\/types\/page"}],"author":[{"embeddable":true,"href":"http:\/\/cvbaran.cba.com.py\/index.php?rest_route=\/wp\/v2\/users\/1"}],"replies":[{"embeddable":true,"href":"http:\/\/cvbaran.cba.com.py\/index.php?rest_route=%2Fwp%2Fv2%2Fcomments&post=17"}],"version-history":[{"count":3,"href":"http:\/\/cvbaran.cba.com.py\/index.php?rest_route=\/wp\/v2\/pages\/17\/revisions"}],"predecessor-version":[{"id":176,"href":"http:\/\/cvbaran.cba.com.py\/index.php?rest_route=\/wp\/v2\/pages\/17\/revisions\/176"}],"wp:attachment":[{"href":"http:\/\/cvbaran.cba.com.py\/index.php?rest_route=%2Fwp%2Fv2%2Fmedia&parent=17"}],"curies":[{"name":"wp","href":"https:\/\/api.w.org\/{rel}","templated":true}]}}