																																																																																																																																								{"id":23,"date":"2016-09-14T16:06:37","date_gmt":"2016-09-14T16:06:37","guid":{"rendered":"http:\/\/10.10.1.110\/itcba\/myresume\/?page_id=23"},"modified":"2016-11-28T14:17:34","modified_gmt":"2016-11-28T14:17:34","slug":"actividades-docente","status":"publish","type":"page","link":"http:\/\/cvbaran.cba.com.py\/?page_id=23","title":{"rendered":"Docente"},"content":{"rendered":"<p><strong><u>ACTIVIDADES\u00a0 DOCENTES\u00a0 M\u00c1S\u00a0 IMPORTANTES<\/u><\/strong><\/p>\n<div class=\"su-list\" style=\"margin-left:0px\">\n<ul>\n<li><i class=\"sui sui-pencil-square\" style=\"color:#333\"><\/i> Profesor del Doctorado en Educaci\u00f3n Superior de la Facultad de Filosof\u00eda de la UNA \u2013 FFUNA, dictando materias como \u201cTaller de Tesis &#8211; Estad\u00edsticas\u201d.<\/li>\n<li><i class=\"sui sui-pencil-square\" style=\"color:#333\"><\/i> Profesor del Doctorado en Educaci\u00f3n de la Facultad de Filosof\u00eda de la UNA \u2013 FFUNA, auspiciado por el CONACYT, dictando materias como \u201cEstad\u00edsticas Aplicadas a la Investigaci\u00f3n Educativa\u201d y \u201cNuevas T\u00e9cnicas de TIC en Paraguay\u201d. &#8211;\u00a02016.<\/li>\n<li><i class=\"sui sui-pencil-square\" style=\"color:#333\"><\/i> Profesor de diversos cursos de postgrado en el \u00e1rea de algoritmos, computaci\u00f3n cu\u00e1ntica y metodolog\u00eda de la investigaci\u00f3n en universidades paraguayas como la UAA y la UNA, asesorando en los respectivos grupos de investigaci\u00f3n y orientados trabajos de tesis. &#8211;\u00a02016.<\/li>\n<li><i class=\"sui sui-pencil-square\" style=\"color:#333\"><\/i> Profesor invitado al<em>Weizmann Institute of Science<\/em> en Rejovot \u2013 Israel, por invitaci\u00f3n del Ministerio de Relaciones Exteriores de Israel. &#8211;\u00a02016.<\/li>\n<\/ul>\n<ul>\n<li><i class=\"sui sui-pencil-square\" style=\"color:#333\"><\/i> Profesor Invitado por el Centro de Investigaci\u00f3n en Ingenier\u00eda Matem\u00e1tica &#8211; CI\u00b2MA de la Universidad de Concepci\u00f3n \u2013 Chile, para dictar curso de verano sobe \u201c<em>Optimizaci\u00f3n Multi-Objetivo en la Distribuci\u00f3n de Agua<\/em>\u201d, enero \u2013 2015.<\/li>\n<li><i class=\"sui sui-pencil-square\" style=\"color:#333\"><\/i> Profesor de diversos cursos de postgrado en el \u00e1rea de algoritmos, redes de computadoras y metodolog\u00eda de la investigaci\u00f3n en universidades paraguayas como la UNE, la UNI y la UNA, asesorando en los respectivos grupos de investigaci\u00f3n. &#8211;\u00a02015.<\/li>\n<\/ul>\n<ul>\n<li><i class=\"sui sui-pencil-square\" style=\"color:#333\"><\/i> Tutor de <em>DCProfessional Development<\/em>en las \u00e1reas de Datacenters y Computaci\u00f3n en la Nube.\u00a02014 &#8211;\u00a0Hoy.<\/li>\n<\/ul>\n<ul>\n<li><i class=\"sui sui-pencil-square\" style=\"color:#333\"><\/i> Profesor Invitado de la Facultad Polit\u00e9cnica de la Universidad Nacional del Este \u2013 UNE, asesorando el grupo de investigaci\u00f3n y varios trabajos de tesis tanto a nivel de pregrado como postgrado. Ciudad del Este \u2013 Paraguay.\u00a02010 &#8211; Hoy.<\/li>\n<\/ul>\n<ul>\n<li><i class=\"sui sui-pencil-square\" style=\"color:#333\"><\/i> Profesor de la\u00a0 Facultad\u00a0 de\u00a0 Ciencias\u00a0 y\u00a0 Tecnolog\u00eda\u00a0 de\u00a0 la Universidad\u00a0 Cat\u00f3lica\u00a0 en\u00a0 diversas\u00a0 materias y\u00a0como ser:\u00a0\u00a0 Redes\u00a0 de\u00a0 Computadoras,\u00a0\u00a0 Sistemas\u00a0 Distribuidos,\u00a0\u00a0 Arquitectura de\u00a0 Computadoras,\u00a0 Ingl\u00e9s. &#8211;\u00a01981 &#8211; Hoy.<\/li>\n<\/ul>\n<ul>\n<li><i class=\"sui sui-pencil-square\" style=\"color:#333\"><\/i> T\u00e9cnico,\u00a0 Microprocesadores,\u00a0 etc.\u00a0 Coordinador\u00a0 y\u00a0 miembro de varias mesas de tesis. &#8211;\u00a01993 &#8211;\u00a0Hoy.<\/li>\n<\/ul>\n<ul>\n<li><i class=\"sui sui-pencil-square\" style=\"color:#333\"><\/i> Docente de la Facultad Polit\u00e9cnica de la Universidad Nacional de Asunci\u00f3n \u2013 FPUNA, a cargo de asignaturas como <em>\u00daltimos Avances en Telecomunicaciones.<\/em>Coordinadordel primer doctorado en ingenier\u00eda inform\u00e1tica del Paraguay, dictando cursos de postgrado como <em>Metodolog\u00eda de la Investigaci\u00f3n, redes de Computadoras<\/em>y <em>Algoritmos Evolutivos<\/em>. A la fecha, recontratado luego de la jubilaci\u00f3n. &#8211;\u00a02005 &#8211; Hoy.<\/li>\n<\/ul>\n<ul>\n<li><i class=\"sui sui-pencil-square\" style=\"color:#333\"><\/i> Profesor invitado de la Universidad Nacional de Costa Rica &#8211; UNA, en Heredia &#8211; Costa Rica, dictando conferencias y un curso para profesores e investigadores sobre <em>Computaci\u00f3n Cu\u00e1ntica<\/em>.-\u00a02014.<\/li>\n<\/ul>\n<ul>\n<li><i class=\"sui sui-pencil-square\" style=\"color:#333\"><\/i> Asesor de Investigaci\u00f3n de la Universidad Nacional de Itap\u00faa \u2013 UNI, asesorando el grupo de investigadores as\u00ed como trabajos de tesis de alumnos. Encarnaci\u00f3n \u2013 Paraguay. &#8211;\u00a02013- 2014.<\/li>\n<\/ul>\n<ul>\n<li><i class=\"sui sui-pencil-square\" style=\"color:#333\"><\/i> Curso de <em>Introducci\u00f3n a la Computaci\u00f3n Cu\u00e1ntica<\/em> dictado en la Escuela Venezolana de Computaci\u00f3n \u2013 EVI\u20192013, organizada por la Universidad de Los Andes, en M\u00e9rida \u2013 Venezuela, con apoyo de CLEI, FUNDACITE, FONACIT, CANTV y CDCHTA-ULA. &#8211;\u00a02013.<\/li>\n<\/ul>\n<ul>\n<li><i class=\"sui sui-pencil-square\" style=\"color:#333\"><\/i> Tutorial sobre \u201c<em>Optical Communications for Developing Countries<\/em>\u201d dictado en la State University of Zanzibar \u2013 SUZA de Tanzania, en calidad de experto del Working Group WG 6.9 de la <em>International Federation for Information Processing<\/em> &#8211; IFIP. &#8211;\u00a02012.<\/li>\n<li><i class=\"sui sui-pencil-square\" style=\"color:#333\"><\/i> Profesor de cursos de Postgrado dictados en la Universidad Nacional de Itap\u00faa _ UNI, dictando primero un seminario sobre \u201c<em>Metodolog\u00eda de la Investigaci\u00f3n Cient\u00edfica. Un enfoque Pr\u00e1ctico en el Paraguay<\/em>\u201d, y organizando despu\u00e9s un \u201cSimposio sobre Metodolog\u00eda de la Investigaci\u00f3n utilizando Internet\u201d, en Encarnaci\u00f3n \u2013 Paraguay. &#8211;\u00a02012.<\/li>\n<li><i class=\"sui sui-pencil-square\" style=\"color:#333\"><\/i> Profesor de diversos cursos de Maestr\u00eda dictados en la Facultad Polit\u00e9cnica de la Universidad Nacional del Este, en Ciudad del Este. &#8211;\u00a02012.<\/li>\n<\/ul>\n<ul>\n<li><i class=\"sui sui-pencil-square\" style=\"color:#333\"><\/i> Profesor de diversos cursos de Maestr\u00eda dictados en el Parque Tecnol\u00f3gico Itaipu, por la Facultad Polit\u00e9cnica de la Universidad Nacional de Asunci\u00f3n, en Hernandarias. &#8211;\u00a02011 &#8211; 2012.<\/li>\n<\/ul>\n<ul>\n<li><i class=\"sui sui-pencil-square\" style=\"color:#333\"><\/i> Profesor Titular de la Facultad de Ingenier\u00eda &#8211; UNA por Resoluci\u00f3n 7257-00-98. Coordinador de varios trabajos de tesis. A la fecha jubilado por resoluci\u00f3n DGJP N\u00ba 2551 del 28 de setiembre de 2010. &#8211;\u00a01983 &#8211; 2010.<\/li>\n<\/ul>\n<ul>\n<li><i class=\"sui sui-pencil-square\" style=\"color:#333\"><\/i> Coordinador Acad\u00e9mico de los cursos de \u201c<em>Maestr\u00eda en Ingenier\u00eda de Sistemas<\/em>\u201d y de la \u201c<em>Maestr\u00eda en Inform\u00e1tica<\/em>\u201d organizado por la Universidad Nacional de Asunci\u00f3n con el auspicio de UNESCO. Profesor de diversas materias como: Arquitectura de Computadores y Sistemas Operativos, Redes de Computadoras y M\u00e9todos Num\u00e9ricos. &#8211;\u00a01996 &#8211; 2007.<\/li>\n<\/ul>\n<ul>\n<li><i class=\"sui sui-pencil-square\" style=\"color:#333\"><\/i> Profesor Investigador y luego Coordinador de Investigaci\u00f3n del Centro Nacional de Computaci\u00f3n de la Universidad Nacional de Asunci\u00f3n, co-orientando trabajos de investigaci\u00f3n de varios alumnos paraguayos realizando estudios de postgraduaci\u00f3n en el exterior y en el pa\u00eds. &#8211;\u00a01994 &#8211; 2007.<\/li>\n<\/ul>\n<ul>\n<li><i class=\"sui sui-pencil-square\" style=\"color:#333\"><\/i> Profesor Invitado por la Universidad del Norte de Barranquilla \u2013 Colombia, dictando cursos de Postgrado en: Nuevas Tecnolog\u00edas en Redes de Computadoras y Seguridad en Redes de Computadoras. &#8211;\u00a02001 &#8211; 2007.<\/li>\n<\/ul>\n<ul>\n<li><i class=\"sui sui-pencil-square\" style=\"color:#333\"><\/i> Profesor Invitado por la Universidad de Girona \u2013 Espa\u00f1a, dictando cursos sobre optimizaci\u00f3n multiobjetivo en redes de computadoras utilizando algoritmos evolutivos. &#8211;\u00a02004.<\/li>\n<\/ul>\n<ul>\n<li><i class=\"sui sui-pencil-square\" style=\"color:#333\"><\/i> Miembro de varias mesas de tesis de postgrado (Maestr\u00eda y Doctorado) en diversas universidades latinoamericanas. &#8211;\u00a01997 &#8211; 2004.<\/li>\n<\/ul>\n<ul>\n<li><i class=\"sui sui-pencil-square\" style=\"color:#333\"><\/i> Profesor Invitado por la Universidad Complutense de Madrid . Proyecto AECI. &#8211;\u00a02003.<\/li>\n<\/ul>\n<ul>\n<li><i class=\"sui sui-pencil-square\" style=\"color:#333\"><\/i> Asesor del Grupo de Montevideo en el \u00e1rea de Matem\u00e1ticas Aplicadas, representando a la UNA. &#8211;\u00a01994 &#8211; 1996.<\/li>\n<\/ul>\n<ul>\n<li><i class=\"sui sui-pencil-square\" style=\"color:#333\"><\/i> Profesor del curso de \u201cPosgrado de Econom\u00eda y Empresas\u201d, organizado por el Fundaci\u00f3n de Graduados en Ciencias Econ\u00f3micas con el auspicio de la UNA\u00a0 y la Universidad de Santiago de Chile. &#8211;\u00a01994.<\/li>\n<\/ul>\n<ul>\n<li><i class=\"sui sui-pencil-square\" style=\"color:#333\"><\/i> Profesor Invitado, como investigador del Laboratorio de Computaci\u00f3n Paralela. COPPE. Universidad Federal de R\u00edo de Janeiro. Brasil. &#8211;\u00a01992 &#8211; 1994.<\/li>\n<\/ul>\n<ul>\n<li><i class=\"sui sui-pencil-square\" style=\"color:#333\"><\/i> Director del Departamento de Electr\u00f3nica de la Universidad Cat\u00f3lica del Paraguay, responsable por iniciar las carreras de Ingenier\u00eda Electr\u00f3nica e Ingenier\u00eda en Inform\u00e1tica. &#8211;\u00a01987 &#8211; 1988.<\/li>\n<\/ul>\n<ul>\n<li><i class=\"sui sui-pencil-square\" style=\"color:#333\"><\/i> Miembro del Consejo Directivo del Centro Latinoamericano de Estudios en Inform\u00e1tica &#8211; CLEI. &#8211;\u00a01987 &#8211; 1988.<\/li>\n<\/ul>\n<ul>\n<li><i class=\"sui sui-pencil-square\" style=\"color:#333\"><\/i> <em>Teaching Assistant<\/em> del Departamento de Ingenier\u00eda El\u00e9ctrica y Computaci\u00f3n de \u00ab<em>Northeastern University<\/em>\u00ab, Boston &#8211; MA, Estados Unidos. &#8211;\u00a01985 &#8211; 1987.<\/li>\n<\/ul>\n<ul>\n<li><i class=\"sui sui-pencil-square\" style=\"color:#333\"><\/i> Profesor del Instituto de Ingenier\u00eda Electr\u00f3nica de la UNA, en materias como: Sistemas de Comunicaciones, Sistemas Digitales, Probabilidades y Procesos Estoc\u00e1sticos. Orientador de varias tesis. &#8211;\u00a01984 &#8211; 1988.<\/li>\n<\/ul>\n<ul>\n<li><i class=\"sui sui-pencil-square\" style=\"color:#333\"><\/i> Presidente de la Mesa de F\u00edsica del examen de Ingreso de la Facultad de Ingenier\u00eda de la UNA. &#8211;\u00a01984 &#8211; 1985.<\/li>\n<\/ul>\n<ul>\n<li><i class=\"sui sui-pencil-square\" style=\"color:#333\"><\/i> Ayudante de c\u00e1tedra de F\u00edsica III de la Facultad de Ingenier\u00eda de la UNA. &#8211;\u00a01980 &#8211; 1983.<\/li>\n<\/ul>\n<ul>\n<li><i class=\"sui sui-pencil-square\" style=\"color:#333\"><\/i> Ayudante de c\u00e1tedra de F\u00edsica I de la Facultad de Ingenier\u00eda de la UNA. &#8211;\u00a01978 &#8211; 1982.<\/li>\n<\/ul>\n<ul>\n<li><i class=\"sui sui-pencil-square\" style=\"color:#333\"><\/i> Profesor de Radio y Televisi\u00f3n de la Escuela Edison. &#8211;\u00a01975 &#8211; 1979.<\/li>\n<\/ul>\n<\/div>\n","protected":false},"excerpt":{"rendered":"<p>ACTIVIDADES\u00a0 DOCENTES\u00a0 M\u00c1S\u00a0 IMPORTANTES<\/p>\n","protected":false},"author":1,"featured_media":0,"parent":0,"menu_order":0,"comment_status":"closed","ping_status":"closed","template":"","meta":{"footnotes":""},"class_list":["post-23","page","type-page","status-publish","hentry"],"_links":{"self":[{"href":"http:\/\/cvbaran.cba.com.py\/index.php?rest_route=\/wp\/v2\/pages\/23","targetHints":{"allow":["GET"]}}],"collection":[{"href":"http:\/\/cvbaran.cba.com.py\/index.php?rest_route=\/wp\/v2\/pages"}],"about":[{"href":"http:\/\/cvbaran.cba.com.py\/index.php?rest_route=\/wp\/v2\/types\/page"}],"author":[{"embeddable":true,"href":"http:\/\/cvbaran.cba.com.py\/index.php?rest_route=\/wp\/v2\/users\/1"}],"replies":[{"embeddable":true,"href":"http:\/\/cvbaran.cba.com.py\/index.php?rest_route=%2Fwp%2Fv2%2Fcomments&post=23"}],"version-history":[{"count":7,"href":"http:\/\/cvbaran.cba.com.py\/index.php?rest_route=\/wp\/v2\/pages\/23\/revisions"}],"predecessor-version":[{"id":191,"href":"http:\/\/cvbaran.cba.com.py\/index.php?rest_route=\/wp\/v2\/pages\/23\/revisions\/191"}],"wp:attachment":[{"href":"http:\/\/cvbaran.cba.com.py\/index.php?rest_route=%2Fwp%2Fv2%2Fmedia&parent=23"}],"curies":[{"name":"wp","href":"https:\/\/api.w.org\/{rel}","templated":true}]}}