																																																																																																																																								{"id":9,"date":"2016-09-14T14:44:38","date_gmt":"2016-09-14T14:44:38","guid":{"rendered":"http:\/\/10.10.1.110\/itcba\/myresume\/?page_id=8"},"modified":"2023-11-20T12:57:56","modified_gmt":"2023-11-20T12:57:56","slug":"distinciones","status":"publish","type":"page","link":"http:\/\/cvbaran.cba.com.py\/?page_id=9","title":{"rendered":"Distinciones"},"content":{"rendered":"<p align=\"justify\"><strong>DISTINCIONES Y RECONOCIMIENTOS<\/strong><\/p>\n<p align=\"justify\"><div class=\"su-list\" style=\"margin-left:0px\">\n<ul>\n<li><i class=\"sui sui-trophy\" style=\"color:#333\"><\/i> <strong>Doctorado Honoris Causa<\/strong> por la Universidad Aut\u00f3noma de Encarnaci\u00f3n \u2013 UNAE del Paraguay, entregado en el Campus Urbano de la Universidad en el a\u00f1o 2023.<\/li>\n<li><i class=\"sui sui-trophy\" style=\"color:#333\"><\/i> <strong>Doctorado Honoris Causa<\/strong> por la Universidad Nacional de Asunci\u00f3n \u2013 UNA del Paraguay, por Resoluci\u00f3n N\u00ba 0775-00-2021 del Honorable Consejo Superior Universitario de la UNA, entregado en la Facultad Polit\u00e9cnica en el a\u00f1o 2022.<\/li>\n<li><i class=\"sui sui-trophy\" style=\"color:#333\"><\/i> Menci\u00f3n de Honor del <strong>\u201cPremio Nacional de Ciencias &#8211; 2020\u201d<\/strong>, otorgado por el honorable Congreso Nacional de la Rep\u00fablica del Paraguay, por los aportes del trabajo \u201cAlgoritmo de desfragmentaci\u00f3n de espectros de redes \u00f3pticas el\u00e1sticas\u201d, en coautor\u00eda con Sergio Fern\u00e1ndez y Diego Pinto.<\/li>\n<li><i class=\"sui sui-trophy\" style=\"color:#333\"><\/i> <strong>\u201cGlobal Challenge Benjamin Meaker Visiting Professorship &#8211; 2019\u201d<\/strong>\u00a0otorgado por la Universidad de Bristol \u2013 Gran Breta\u00f1a, mayo de 2019.<\/li>\n<li><i class=\"sui sui-trophy\" style=\"color:#333\"><\/i> Premio Internacional \u201c<b>2019 Fabio Neri Best Paper Award\u201d <\/b>otorgado por la Editorial ELSEVIER, en reconocimiento por los aportes del art\u00edculo \u201cSpectrum defragmentation algorithms in elastic optical networks\u201d con S. Fern\u00e1ndez-Mart\u00ednez, y D. Pinto-Roa en la revista Optical Switching and Networking <a href=\"https:\/\/cienciasdelsur.com\/2020\/06\/25\/cientificos-paraguay-ganan-premio-mejor-paper-elsevier\/\">https:\/\/cienciasdelsur.com\/2020\/06\/25\/cientificos-paraguay-ganan-premio-mejor-paper-elsevier\/<\/a><\/li>\n<\/ul>\n<ul>\n<li><i class=\"sui sui-trophy\" style=\"color:#333\"><\/i> El Premio anual del PARAGUAY OPEN ROBOTIC se denomina \u201cDr. Benjam\u00edn Bar\u00e1n\u201d desde el a\u00f1o 2019.<\/li>\n<li><i class=\"sui sui-trophy\" style=\"color:#333\"><\/i> <strong>Premio Nacional de Ciencia (2018)<\/strong> a la obra ganadora \u201cUbicaci\u00f3n de M\u00e1quinas Virtuales para Infraestructuras El\u00e1sticas en Centros de Datos de Computaci\u00f3n en Nube bajo Incertidumbre\u201d.<\/li>\n<li><i class=\"sui sui-trophy\" style=\"color:#333\"><\/i> Reconocimiento de la IEEE (Institute of Electrical and Electronics Engineers) \u2013 Secci\u00f3n Paraguay, por una d\u00e9cada de ininterrumpida colaboraci\u00f3n, diciembre de 2017.<\/li>\n<li><i class=\"sui sui-trophy\" style=\"color:#333\"><\/i> Distinci\u00f3n de la Universidad Cat\u00f3lica \u201cNtra Sra. de la Asunci\u00f3n\u201d por los 35 a\u00f1os de docencia e investigaci\u00f3n, otorgado por las altas autoridades universitarias en homenaje realizado en el Aula Magna, 2016.<\/li>\n<li><i class=\"sui sui-trophy\" style=\"color:#333\"><\/i> Reconocimiento de la Facultad de Ciencias y Tecnolog\u00eda de la Universidad Cat\u00f3lica \u201cNtra Sra. de la Asunci\u00f3n\u201d por los 35 a\u00f1os de docencia e investigaci\u00f3n, otorgado en cena de gala por los 35 a\u00f1os de la Facultad, 2015.<\/li>\n<li><i class=\"sui sui-trophy\" style=\"color:#333\"><\/i> Premio Do\u00f1a Nidia Sanabria de Romero. (nacional), Universidad Iberoamericana, 2016.<\/li>\n<li><i class=\"sui sui-trophy\" style=\"color:#333\"><\/i> Reconocimiento de la Facultad de de Ingenier\u00eda de la Universidad Nacional de Asunci\u00f3n \u2013 FIUNA por los aportes a la investigaci\u00f3n cient\u00edfica, otorgado en cena de gala por el se\u00f1or rector y el se\u00f1or decano en el a\u00f1o 2014.<\/li>\n<li><i class=\"sui sui-trophy\" style=\"color:#333\"><\/i> Orientador de la Tesis de Maestr\u00eda de Fabio L\u00f3pez \u201cMulti-Objective Virtual Machine Placement with Service Level Agreement\u201d, galardonada con el tercer lugar en el Concurso Latinoamericano de Tesis de Maestr\u00eda 2014, organizado por CLEI.<\/li>\n<li><i class=\"sui sui-trophy\" style=\"color:#333\"><\/i> <strong><em>Honor al M\u00e9rito Latinoamericano en Inform\u00e1tica<\/em><\/strong> otorgado por el Centro Latinoamericano de Estudios en Inform\u00e1tica \u2013 CLEI en oportunidad de la XXXIX Conferencia Latinoamericana de Inform\u00e1tica, CLEI\u20192013. Naiguat\u00e1, Vargas \u2013 Venezuela.<\/li>\n<li><i class=\"sui sui-trophy\" style=\"color:#333\"><\/i> Reconocimiento y Gratitud de la Facultad de Ingenier\u00eda de la Universidad Nacional de Asunci\u00f3n \u2013 FIUNA por la dedicaci\u00f3n en beneficio de la formaci\u00f3n de ingenieros, otorgado por el se\u00f1or rector y el se\u00f1or decano en el a\u00f1o 2013.<\/li>\n<li><i class=\"sui sui-trophy\" style=\"color:#333\"><\/i> <strong>Doctorado Honoris Causa<\/strong> por la Universidad Nacional del Este \u2013 UNE del Paraguay, por Resoluci\u00f3n N\u00ba 444\/2012 del Honorable Consejo Superior Universitario de la UNE, a\u00f1o 2012.<\/li>\n<li><i class=\"sui sui-trophy\" style=\"color:#333\"><\/i> Reconocimiento del Centro Latinoamericano de Estudios en Inform\u00e1tica \u2013 CLEI, Medell\u00edn \u2013 Colombia, en asamblea general del a\u00f1o 2012.<\/li>\n<li><i class=\"sui sui-trophy\" style=\"color:#333\"><\/i> <strong>Pan-americanPrize of Scientific Computing &#8211; 2012<\/strong>, otorgado por la Pan-american Association of Computational Interdisciplinary Sciences \u2013 PACIS, en oportunidad de la 2<sup>nd<\/sup>CCIS (Conference of Computational Interdisciplinary Sciences), en Guanajuato &#8211; M\u00e9xico. Agosto de 2012.<\/li>\n<li><i class=\"sui sui-trophy\" style=\"color:#333\"><\/i> Menci\u00f3n de Honor del <strong>\u201cPremio Nacional de Ciencias &#8211; 2012\u201d<\/strong>, otorgado por el honorable Congreso Nacional de la Rep\u00fablica del Paraguay, por los aportes del trabajo \u201cDise\u00f1o Multi-Objetivo de Redes \u00d3pticas WDM, un enfoque basado en los algoritmos evolutivos\u201d, en coautor\u00eda con Diego Pinto y Carlos Brizuela.<\/li>\n<li><i class=\"sui sui-trophy\" style=\"color:#333\"><\/i> Padrino de Honor de la 1\u00ba promoci\u00f3n de Ingenier\u00eda Mec\u00e1nica de la Facultad de Ingenier\u00eda de la Universidad Nacional de Asunci\u00f3n \u2013 FIUNA, 2011.<\/li>\n<li><i class=\"sui sui-trophy\" style=\"color:#333\"><\/i> Miembro de la Comisi\u00f3n Cient\u00edfica Honoraria del PRONII a partir del a\u00f1o 2011, conforme acta 209\/11 del CONACYT. Investigador activo Nivel III.<\/li>\n<li><i class=\"sui sui-trophy\" style=\"color:#333\"><\/i> Premio Excelencia, otorgado por el Rotary Club Trinidad. Mayo de 2007.<\/li>\n<li><i class=\"sui sui-trophy\" style=\"color:#333\"><\/i> Visita Ilustre de la Pontificia Universidad Cat\u00f3lica de Valpara\u00edso. Mayo de 2006.<\/li>\n<li><i class=\"sui sui-trophy\" style=\"color:#333\"><\/i> Menci\u00f3n de Honor del \u201c<strong>Premio Nacional de Ciencias &#8211; 2002<\/strong>\u201d, otorgado por el honorable Congreso Nacional de la Rep\u00fablica del Paraguay, por los aportes del trabajo \u201cCompensaci\u00f3n Multiobjetivo de Potencia Reactiva\u201d.<\/li>\n<li><i class=\"sui sui-trophy\" style=\"color:#333\"><\/i> <strong>\u201cPremio Nacional de Ciencias &#8211; 1996\u201d<\/strong>\u00a0otorgado por el Congreso Nacional en acto presidido por el presidente de la Rep\u00fablica, por los trabajos cient\u00edficos en el \u00e1rea de los \u201cTeam\u00a0 Algorithms\u201d.<\/li>\n<li><i class=\"sui sui-trophy\" style=\"color:#333\"><\/i> Nominaci\u00f3n al Premio Interamericano de Ciencias \u201cBernardo A. Houssay &#8211; 1994\u201d\u00a0otorgado por el Consejo Interamericano para la Educaci\u00f3n, la Ciencia y la Cultura de la Organizaci\u00f3n de Estados Americanos (OEA), por los aportes cient\u00edficos en el campo de las ciencias matem\u00e1ticas aplicadas a la computaci\u00f3n.<\/li>\n<li><i class=\"sui sui-trophy\" style=\"color:#333\"><\/i> Menci\u00f3n de Honor del <strong>\u201cPremio Nacional de Ciencias &#8211; 1994\u201d<\/strong>, otorgado por el honorable Congreso Nacional de la Rep\u00fablica del Paraguay, por los aportes de la tesis doctoral \u201cEstudio de Algoritmos Combinados Ass\u00edncronos\u201d.<\/li>\n<li><i class=\"sui sui-trophy\" style=\"color:#333\"><\/i> Premio <strong>\u201cAndr\u00e9s Barbero &#8211; 1982\u201d<\/strong>, otorgado por la Sociedad Cient\u00edfica del Paraguay por los aportes de la tesis: Comunicaciones por Fibras \u00d3pticas.<\/li>\n<li><i class=\"sui sui-trophy\" style=\"color:#333\"><\/i> Orientador de los 2 trabajos de tesis de grado de los alumnos J. Fern\u00e1ndez y D. Pinto, ganadores del Primer Concurso Paraguayo de Tesis, realizado en el marco de las Jornadas de Inform\u00e1tica y Telecomunicaciones 2005, organizado por las Universidad Cat\u00f3lica del Paraguay y la Universidad Aut\u00f3noma de Asunci\u00f3n.<\/li>\n<\/ul>\n<\/div>\n","protected":false},"excerpt":{"rendered":"<p>DISTINCIONES Y RECONOCIMIENTOS<\/p>\n","protected":false},"author":1,"featured_media":0,"parent":0,"menu_order":0,"comment_status":"closed","ping_status":"closed","template":"","meta":{"footnotes":""},"class_list":["post-9","page","type-page","status-publish","hentry"],"_links":{"self":[{"href":"http:\/\/cvbaran.cba.com.py\/index.php?rest_route=\/wp\/v2\/pages\/9","targetHints":{"allow":["GET"]}}],"collection":[{"href":"http:\/\/cvbaran.cba.com.py\/index.php?rest_route=\/wp\/v2\/pages"}],"about":[{"href":"http:\/\/cvbaran.cba.com.py\/index.php?rest_route=\/wp\/v2\/types\/page"}],"author":[{"embeddable":true,"href":"http:\/\/cvbaran.cba.com.py\/index.php?rest_route=\/wp\/v2\/users\/1"}],"replies":[{"embeddable":true,"href":"http:\/\/cvbaran.cba.com.py\/index.php?rest_route=%2Fwp%2Fv2%2Fcomments&post=9"}],"version-history":[{"count":31,"href":"http:\/\/cvbaran.cba.com.py\/index.php?rest_route=\/wp\/v2\/pages\/9\/revisions"}],"predecessor-version":[{"id":746,"href":"http:\/\/cvbaran.cba.com.py\/index.php?rest_route=\/wp\/v2\/pages\/9\/revisions\/746"}],"wp:attachment":[{"href":"http:\/\/cvbaran.cba.com.py\/index.php?rest_route=%2Fwp%2Fv2%2Fmedia&parent=9"}],"curies":[{"name":"wp","href":"https:\/\/api.w.org\/{rel}","templated":true}]}}